{"id":35817,"date":"2025-09-10T17:21:00","date_gmt":"2025-09-10T15:21:00","guid":{"rendered":"https:\/\/avalems.ch\/?page_id=35817"},"modified":"2025-12-29T12:16:30","modified_gmt":"2025-12-29T11:16:30","slug":"finanzielle-unterstuetzung-fuer-die-ausbildung","status":"publish","type":"page","link":"https:\/\/avalems.ch\/de\/in-einem-pflegeheim-arbeiten\/entwicklung-von-faehigkeiten\/finanzielle-unterstuetzung-fuer-die-ausbildung\/","title":{"rendered":"Finanzielle Unterst\u00fctzung f\u00fcr die Ausbildung"},"content":{"rendered":"\n<div class=\"wp-block-columns is-layout-flex wp-container-core-columns-is-layout-9d6595d7 wp-block-columns-is-layout-flex\">\n<div class=\"wp-block-column is-layout-flow wp-block-column-is-layout-flow\" style=\"flex-basis:300px\"><div class=\"sidebar-dossier\"><a class=\"back-category\" href=\"https:\/\/avalems.ch\/de\/in-einem-pflegeheim-arbeiten\/entwicklung-von-faehigkeiten\/\"><svg width=\"18px\" height=\"15px\" viewBox=\"0 0 18 15\" version=\"1.1\" xmlns=\"http:\/\/www.w3.org\/2000\/svg\" xmlns:xlink=\"http:\/\/www.w3.org\/1999\/xlink\"><g id=\"Page-1\" stroke=\"none\" stroke-width=\"1\" fill=\"none\" fill-rule=\"evenodd\"><g id=\"10-Dossier-th\u00e9matique---resolution\" transform=\"translate(-118.000000, -263.000000)\" fill=\"#F49600\" fill-rule=\"nonzero\"><polygon id=\"Shape-Copy-32\" transform=\"translate(127.000000, 270.500000) rotate(-270.000000) translate(-127.000000, -270.500000) \" points=\"134 272.09901 132.634146 270.920792 127.682927 275.80198 127.682927 262 125.97561 262 125.97561 275.633663 121.195122 270.920792 120 272.09901 127 279 127 278.831683 127 279\"><\/polygon><\/g><\/g><\/svg>Politik zur Entwicklung der Kompetenzen<\/a><h3>Politik zur Entwicklung der Kompetenzen<\/h3>                <a href=\"https:\/\/avalems.ch\/de\/in-einem-pflegeheim-arbeiten\/entwicklung-von-faehigkeiten\/\">Politik zur Entwicklung der Kompetenzen<\/a>\n                <a href=\"https:\/\/avalems.ch\/de\/in-einem-pflegeheim-arbeiten\/entwicklung-von-faehigkeiten\/kompetenzreferenzen\/\">Kompetenzrahmen<\/a><a href=\"https:\/\/avalems.ch\/de\/in-einem-pflegeheim-arbeiten\/entwicklung-von-faehigkeiten\/referenzdokumente-und-leitfaeden\/\">Referenzdokumente und Leitf\u00e4den<\/a><a href=\"https:\/\/avalems.ch\/de\/in-einem-pflegeheim-arbeiten\/entwicklung-von-faehigkeiten\/fortlaufende-schulungen\/\">Weiterbildungen in der Langzeitpflege<\/a><a class=\"active\" href=\"https:\/\/avalems.ch\/de\/in-einem-pflegeheim-arbeiten\/entwicklung-von-faehigkeiten\/finanzielle-unterstuetzung-fuer-die-ausbildung\/\">Finanzielle Unterst\u00fctzung f\u00fcr die Ausbildung<\/a><\/div>\n<\/div>\n\n\n\n<div class=\"wp-block-column is-layout-flow wp-block-column-is-layout-flow\" style=\"flex-basis:66.66%\">\n<h1 class=\"wp-block-heading\">Finanzielle Unterst\u00fctzung f\u00fcr die Ausbildung<\/h1>\n\n\n\n<p>Im Wallis gibt es mehrere Massnahmen zur Unterst\u00fctzung von Personen in Ausbildung. F\u00fcr folgende Ausbildungen k\u00f6nnen finanzielle Hilfen gew\u00e4hrt werden:<\/p>\n\n\n\n<ul class=\"wp-block-list\">\n<li>Weiterbildungen (Certificate of Advanced Studies, DAS, MAS, EMBA)<\/li>\n\n\n\n<li>Doktorate<\/li>\n\n\n\n<li>Zweite Ausbildungen der Sekundarstufe<\/li>\n\n\n\n<li>Zugang und Ausbildung im Studiengang Pflege an der Hochschule f\u00fcr Gesundheit Wallis-Wallis (HF)<\/li>\n\n\n\n<li>Zugang und Ausbildung im Bachelor-Studiengang Pflege an der Hochschule f\u00fcr Gesundheit der HES SO Valais-Wallis (HEdS)<\/li>\n\n\n\n<li>Zweite terti\u00e4re Ausbildungen, die keinen h\u00f6heren Abschluss vermitteln<\/li>\n\n\n\n<li>Diese finanziellen und institutionellen Unterst\u00fctzungen sind eine wichtige Hilfe, um den Zugang zu und den Erfolg von Ausbildungsg\u00e4ngen im Wallis zu f\u00f6rdern.<\/li>\n<\/ul>\n\n\n\n<p><strong><strong><a href=\"https:\/\/www.vs.ch\/de\/web\/saajf\/allocations-de-formation\" target=\"_blank\" rel=\"noreferrer noopener\">Stipendien und Darlehen des Kantons Wallis<\/a><\/strong><\/strong><\/p>\n<\/div>\n<\/div>\n","protected":false},"excerpt":{"rendered":"<p>Finanzielle Unterst\u00fctzung f\u00fcr die Ausbildung Im Wallis gibt es mehrere Massnahmen zur Unterst\u00fctzung von Personen in Ausbildung. F\u00fcr folgende Ausbildungen k\u00f6nnen finanzielle Hilfen gew\u00e4hrt werden: Stipendien und Darlehen des Kantons [&hellip;]<\/p>\n","protected":false},"author":152,"featured_media":0,"parent":28620,"menu_order":0,"comment_status":"closed","ping_status":"closed","template":"template-sidebar.php","meta":{"footnotes":""},"coauthors":[106],"class_list":["post-35817","page","type-page","status-publish","hentry"],"publishpress_future_action":{"enabled":false,"date":"2026-05-26 22:28:31","action":"change-status","newStatus":"draft","terms":[],"taxonomy":"translation_priority","extraData":[]},"publishpress_future_workflow_manual_trigger":{"enabledWorkflows":[]},"_links":{"self":[{"href":"https:\/\/avalems.ch\/de\/wp-json\/wp\/v2\/pages\/35817","targetHints":{"allow":["GET"]}}],"collection":[{"href":"https:\/\/avalems.ch\/de\/wp-json\/wp\/v2\/pages"}],"about":[{"href":"https:\/\/avalems.ch\/de\/wp-json\/wp\/v2\/types\/page"}],"author":[{"embeddable":true,"href":"https:\/\/avalems.ch\/de\/wp-json\/wp\/v2\/users\/152"}],"replies":[{"embeddable":true,"href":"https:\/\/avalems.ch\/de\/wp-json\/wp\/v2\/comments?post=35817"}],"version-history":[{"count":8,"href":"https:\/\/avalems.ch\/de\/wp-json\/wp\/v2\/pages\/35817\/revisions"}],"predecessor-version":[{"id":37584,"href":"https:\/\/avalems.ch\/de\/wp-json\/wp\/v2\/pages\/35817\/revisions\/37584"}],"up":[{"embeddable":true,"href":"https:\/\/avalems.ch\/de\/wp-json\/wp\/v2\/pages\/28620"}],"wp:attachment":[{"href":"https:\/\/avalems.ch\/de\/wp-json\/wp\/v2\/media?parent=35817"}],"wp:term":[{"taxonomy":"author","embeddable":true,"href":"https:\/\/avalems.ch\/de\/wp-json\/wp\/v2\/coauthors?post=35817"}],"curies":[{"name":"wp","href":"https:\/\/api.w.org\/{rel}","templated":true}]}}

Finanzielle Unterstützung für die Ausbildung

<div class="wp-block-columns is-layout-flex wp-container-core-columns-is-layout-9d6595d7 wp-block-columns-is-layout-flex">
<div class="wp-block-column is-layout-flow wp-block-column-is-layout-flow" style="flex-basis:300px"><div class="sidebar-dossier"><a class="back-category" href="https://avalems.ch/de/in-einem-pflegeheim-arbeiten/entwicklung-von-faehigkeiten/"><svg width="18px" height="15px" viewBox="0 0 18 15" version="1.1" xmlns="http://www.w3.org/2000/svg" xmlns:xlink="http://www.w3.org/1999/xlink"><g id="Page-1" stroke="none" stroke-width="1" fill="none" fill-rule="evenodd"><g id="10-Dossier-thématique---resolution" transform="translate(-118.000000, -263.000000)" fill="#F49600" fill-rule="nonzero"><polygon id="Shape-Copy-32" transform="translate(127.000000, 270.500000) rotate(-270.000000) translate(-127.000000, -270.500000) " points="134 272.09901 132.634146 270.920792 127.682927 275.80198 127.682927 262 125.97561 262 125.97561 275.633663 121.195122 270.920792 120 272.09901 127 279 127 278.831683 127 279"></polygon></g></g></svg>Politik zur Entwicklung der Kompetenzen</a><h3>Politik zur Entwicklung der Kompetenzen</h3>                <a href="https://avalems.ch/de/in-einem-pflegeheim-arbeiten/entwicklung-von-faehigkeiten/">Politik zur Entwicklung der Kompetenzen</a>
                <a href="https://avalems.ch/de/in-einem-pflegeheim-arbeiten/entwicklung-von-faehigkeiten/kompetenzreferenzen/">Kompetenzrahmen</a><a href="https://avalems.ch/de/in-einem-pflegeheim-arbeiten/entwicklung-von-faehigkeiten/referenzdokumente-und-leitfaeden/">Referenzdokumente und Leitfäden</a><a href="https://avalems.ch/de/in-einem-pflegeheim-arbeiten/entwicklung-von-faehigkeiten/fortlaufende-schulungen/">Weiterbildungen in der Langzeitpflege</a><a class="active" href="https://avalems.ch/de/in-einem-pflegeheim-arbeiten/entwicklung-von-faehigkeiten/finanzielle-unterstuetzung-fuer-die-ausbildung/">Finanzielle Unterstützung für die Ausbildung</a></div>
</div>



<div class="wp-block-column is-layout-flow wp-block-column-is-layout-flow" style="flex-basis:66.66%">
<h1 class="wp-block-heading">Finanzielle Unterstützung für die Ausbildung</h1>



<p>Im Wallis gibt es mehrere Massnahmen zur Unterstützung von Personen in Ausbildung. Für folgende Ausbildungen können finanzielle Hilfen gewährt werden:</p>



<ul class="wp-block-list">
<li>Weiterbildungen (Certificate of Advanced Studies, DAS, MAS, EMBA)</li>



<li>Doktorate</li>



<li>Zweite Ausbildungen der Sekundarstufe</li>



<li>Zugang und Ausbildung im Studiengang Pflege an der Hochschule für Gesundheit Wallis-Wallis (HF)</li>



<li>Zugang und Ausbildung im Bachelor-Studiengang Pflege an der Hochschule für Gesundheit der HES SO Valais-Wallis (HEdS)</li>



<li>Zweite tertiäre Ausbildungen, die keinen höheren Abschluss vermitteln</li>



<li>Diese finanziellen und institutionellen Unterstützungen sind eine wichtige Hilfe, um den Zugang zu und den Erfolg von Ausbildungsgängen im Wallis zu fördern.</li>
</ul>



<p><strong><strong><a href="https://www.vs.ch/de/web/saajf/allocations-de-formation" target="_blank" rel="noreferrer noopener">Stipendien und Darlehen des Kantons Wallis</a></strong></strong></p>
</div>
</div>

<p>Finanzielle Unterstützung für die Ausbildung Im Wallis gibt es mehrere Massnahmen zur Unterstützung von Personen in Ausbildung. Für folgende Ausbildungen können finanzielle Hilfen gewährt werden: Stipendien und Darlehen des Kantons [&hellip;]</p>
