{"id":28618,"date":"2025-01-22T15:27:02","date_gmt":"2025-01-22T14:27:02","guid":{"rendered":"https:\/\/www.avalems.ch\/referenzdokumente-und-leitfaeden\/"},"modified":"2026-03-09T17:33:41","modified_gmt":"2026-03-09T16:33:41","slug":"referenzdokumente-und-leitfaeden","status":"publish","type":"page","link":"https:\/\/avalems.ch\/de\/in-einem-pflegeheim-arbeiten\/entwicklung-von-faehigkeiten\/referenzdokumente-und-leitfaeden\/","title":{"rendered":"Referenzdokumente und Leitf\u00e4den"},"content":{"rendered":"\n<div class=\"wp-block-columns is-layout-flex wp-container-core-columns-is-layout-9d6595d7 wp-block-columns-is-layout-flex\">\n<div class=\"wp-block-column is-layout-flow wp-block-column-is-layout-flow\" style=\"flex-basis:300px\"><div class=\"sidebar-dossier\"><a class=\"back-category\" href=\"https:\/\/avalems.ch\/de\/in-einem-pflegeheim-arbeiten\/entwicklung-von-faehigkeiten\/\"><svg width=\"18px\" height=\"15px\" viewBox=\"0 0 18 15\" version=\"1.1\" xmlns=\"http:\/\/www.w3.org\/2000\/svg\" xmlns:xlink=\"http:\/\/www.w3.org\/1999\/xlink\"><g id=\"Page-1\" stroke=\"none\" stroke-width=\"1\" fill=\"none\" fill-rule=\"evenodd\"><g id=\"10-Dossier-th\u00e9matique---resolution\" transform=\"translate(-118.000000, -263.000000)\" fill=\"#F49600\" fill-rule=\"nonzero\"><polygon id=\"Shape-Copy-32\" transform=\"translate(127.000000, 270.500000) rotate(-270.000000) translate(-127.000000, -270.500000) \" points=\"134 272.09901 132.634146 270.920792 127.682927 275.80198 127.682927 262 125.97561 262 125.97561 275.633663 121.195122 270.920792 120 272.09901 127 279 127 278.831683 127 279\"><\/polygon><\/g><\/g><\/svg>Politik zur Entwicklung der Kompetenzen<\/a><h3>Politik zur Entwicklung der Kompetenzen<\/h3>                <a href=\"https:\/\/avalems.ch\/de\/in-einem-pflegeheim-arbeiten\/entwicklung-von-faehigkeiten\/\">Politik zur Entwicklung der Kompetenzen<\/a>\n                <a href=\"https:\/\/avalems.ch\/de\/in-einem-pflegeheim-arbeiten\/entwicklung-von-faehigkeiten\/kompetenzreferenzen\/\">Kompetenzrahmen<\/a><a class=\"active\" href=\"https:\/\/avalems.ch\/de\/in-einem-pflegeheim-arbeiten\/entwicklung-von-faehigkeiten\/referenzdokumente-und-leitfaeden\/\">Referenzdokumente und Leitf\u00e4den<\/a><a href=\"https:\/\/avalems.ch\/de\/in-einem-pflegeheim-arbeiten\/entwicklung-von-faehigkeiten\/fortlaufende-schulungen\/\">Weiterbildungen in der Langzeitpflege<\/a><a href=\"https:\/\/avalems.ch\/de\/in-einem-pflegeheim-arbeiten\/entwicklung-von-faehigkeiten\/finanzielle-unterstuetzung-fuer-die-ausbildung\/\">Finanzielle Unterst\u00fctzung f\u00fcr die Ausbildung<\/a><\/div>\n<\/div>\n\n\n\n<div class=\"wp-block-column is-layout-flow wp-block-column-is-layout-flow\">\n<h1 class=\"wp-block-heading\">Referenzdokumente und Leitf\u00e4den<\/h1>\n\n\n\n<p>In diesem Abschnitt werden die wesentlichen Ressourcen f\u00fcr die Umsetzung der <strong>Politik zur Entwicklung von Kompetenzen <\/strong>in der Langzeitpflege vorgestellt. Diese Politik definiert die Ziele, Grunds\u00e4tze und Rollen der beteiligten Parteien und f\u00f6rdert gleichzeitig eine strukturierte Steuerung der Kompetenzen.<\/p>\n\n\n\n<p>Die Dokumente enthalten eine Beschreibung der kombinierten Modalit\u00e4ten der Kompetenzentwicklung, wie z. B. Weiterbildung und Mentoring, sowie einen Leitfaden f\u00fcr die Verwendung der Kompetenzrahmen und die Validierungskriterien. Diese Instrumente unterst\u00fctzen die Steuerung von Kompetenzen in APH und SMZ.<\/p>\n\n\n\n<p class=\"link-block travailler file\"><a href=\"https:\/\/avalems.ch\/wp-content\/uploads\/2023\/10\/Politik-zur-Entwicklung-der-Kompetenzen.pdf\" target=\"_blank\" rel=\"noreferrer noopener\">Politik zur Entwicklung der Kompetenzen<\/a><\/p>\n\n\n\n<p class=\"link-block travailler file\"><a href=\"https:\/\/avalems.ch\/wp-content\/uploads\/2025\/05\/Modalites-utilisation-referentiels-de-competences-de.pdf\" target=\"_blank\" rel=\"noreferrer noopener\">Modalit\u00e4ten zur Verwendung von Kompetenzreferenzen<\/a><\/p>\n\n\n\n<div style=\"height:13px\" aria-hidden=\"true\" class=\"wp-block-spacer\"><\/div>\n\n\n\n<div class=\"wp-block-group\"><div class=\"wp-block-group__inner-container is-layout-constrained wp-block-group-is-layout-constrained\">\n<div class=\"wp-block-group\"><div class=\"wp-block-group__inner-container is-layout-constrained wp-block-group-is-layout-constrained\">\n<h3 class=\"wp-block-heading faq-q\">Mobilit\u00e4ten der Kompetenzentwicklung<\/h3>\n\n\n\n<div class=\"wp-block-group\"><div class=\"wp-block-group__inner-container is-layout-constrained wp-block-group-is-layout-constrained\">\n<p class=\"faq-a\"><a href=\"https:\/\/previous.avalems.ch\/wp-content\/uploads\/2024\/09\/Die-Modalitaten-des-Kompetentzentwicklung-1.pdf\" target=\"_blank\" rel=\"noreferrer noopener\">Modalit\u00e4ten der Kompetenzentwicklung<\/a><\/p>\n\n\n\n<p class=\"faq-a\"><a href=\"https:\/\/patientensicherheit.ch\/wp-content\/uploads\/2025\/02\/Room-of-Horrors_Pflegeheime.pdf\" data-type=\"link\" data-id=\"https:\/\/patientensicherheit.ch\/wp-content\/uploads\/2025\/02\/Room-of-Horrors_Pflegeheime.pdf\" target=\"_blank\" rel=\"noopener\">Interaktives Lernen im Room of Horrors Manual f\u00fcr Alters- und Pflegeheime<\/a><\/p>\n\n\n\n<p class=\"faq-a\"><a href=\"https:\/\/patientensicherheit.ch\/wp-content\/uploads\/2025\/10\/Manual_Room-of-Horrors_Spitex.pdf\" data-type=\"link\" data-id=\"https:\/\/patientensicherheit.ch\/wp-content\/uploads\/2025\/10\/Manual_Room-of-Horrors_Spitex.pdf\" target=\"_blank\" rel=\"noopener\">Interaktives Lernen im Room of Horrors Manual f\u00fcr Spitex-Organisationen<\/a><\/p>\n<\/div><\/div>\n<\/div><\/div>\n<\/div><\/div>\n\n\n\n<p class=\"link-block travailler file\"><a href=\"https:\/\/previous.avalems.ch\/wp-content\/uploads\/2024\/09\/RDC-criteres-et-instances-de-validation-DE-1.pdf\" target=\"_blank\" rel=\"noreferrer noopener\">Kriterien und Instanzen f\u00fcr die Validierung von Kompetenzreferenzen<\/a><\/p>\n\n\n\n<p class=\"link-block travailler file\"><a href=\"https:\/\/previous.avalems.ch\/wp-content\/uploads\/2024\/09\/Bibliographie.pdf\">Bibliographie (FR)<\/a><\/p>\n\n\n\n<p class=\"link-block travailler file\"><a href=\"https:\/\/avalems.ch\/wp-content\/uploads\/2025\/05\/Cahier-des-charges-commission-strategique-PDDC-de.pdf\">Pflichtenheft der strategischen Kommission Politik zur Entwicklung von Kompetenzen<\/a><\/p>\n\n\n\n<p class=\"link-block travailler file\"><a href=\"https:\/\/avalems.ch\/wp-content\/uploads\/2025\/05\/Processus-pilotage-des-performances-de-1.pdf\">Prozess der Leistungssteuerung<\/a><\/p>\n<\/div>\n<\/div>\n","protected":false},"excerpt":{"rendered":"<p>Referenzdokumente und Leitf\u00e4den In diesem Abschnitt werden die wesentlichen Ressourcen f\u00fcr die Umsetzung der Politik zur Entwicklung von Kompetenzen in der Langzeitpflege vorgestellt. Diese Politik definiert die Ziele, Grunds\u00e4tze und [&hellip;]<\/p>\n","protected":false},"author":552,"featured_media":0,"parent":28620,"menu_order":0,"comment_status":"closed","ping_status":"closed","template":"template-sidebar.php","meta":{"footnotes":""},"coauthors":[513],"class_list":["post-28618","page","type-page","status-publish","hentry"],"publishpress_future_action":{"enabled":false,"date":"2026-05-26 20:50:12","action":"change-status","newStatus":"draft","terms":[],"taxonomy":"translation_priority","extraData":[]},"publishpress_future_workflow_manual_trigger":{"enabledWorkflows":[]},"_links":{"self":[{"href":"https:\/\/avalems.ch\/de\/wp-json\/wp\/v2\/pages\/28618","targetHints":{"allow":["GET"]}}],"collection":[{"href":"https:\/\/avalems.ch\/de\/wp-json\/wp\/v2\/pages"}],"about":[{"href":"https:\/\/avalems.ch\/de\/wp-json\/wp\/v2\/types\/page"}],"author":[{"embeddable":true,"href":"https:\/\/avalems.ch\/de\/wp-json\/wp\/v2\/users\/552"}],"replies":[{"embeddable":true,"href":"https:\/\/avalems.ch\/de\/wp-json\/wp\/v2\/comments?post=28618"}],"version-history":[{"count":29,"href":"https:\/\/avalems.ch\/de\/wp-json\/wp\/v2\/pages\/28618\/revisions"}],"predecessor-version":[{"id":39026,"href":"https:\/\/avalems.ch\/de\/wp-json\/wp\/v2\/pages\/28618\/revisions\/39026"}],"up":[{"embeddable":true,"href":"https:\/\/avalems.ch\/de\/wp-json\/wp\/v2\/pages\/28620"}],"wp:attachment":[{"href":"https:\/\/avalems.ch\/de\/wp-json\/wp\/v2\/media?parent=28618"}],"wp:term":[{"taxonomy":"author","embeddable":true,"href":"https:\/\/avalems.ch\/de\/wp-json\/wp\/v2\/coauthors?post=28618"}],"curies":[{"name":"wp","href":"https:\/\/api.w.org\/{rel}","templated":true}]}}

Referenzdokumente und Leitfäden

<div class="wp-block-columns is-layout-flex wp-container-core-columns-is-layout-9d6595d7 wp-block-columns-is-layout-flex">
<div class="wp-block-column is-layout-flow wp-block-column-is-layout-flow" style="flex-basis:300px"><div class="sidebar-dossier"><a class="back-category" href="https://avalems.ch/de/in-einem-pflegeheim-arbeiten/entwicklung-von-faehigkeiten/"><svg width="18px" height="15px" viewBox="0 0 18 15" version="1.1" xmlns="http://www.w3.org/2000/svg" xmlns:xlink="http://www.w3.org/1999/xlink"><g id="Page-1" stroke="none" stroke-width="1" fill="none" fill-rule="evenodd"><g id="10-Dossier-thématique---resolution" transform="translate(-118.000000, -263.000000)" fill="#F49600" fill-rule="nonzero"><polygon id="Shape-Copy-32" transform="translate(127.000000, 270.500000) rotate(-270.000000) translate(-127.000000, -270.500000) " points="134 272.09901 132.634146 270.920792 127.682927 275.80198 127.682927 262 125.97561 262 125.97561 275.633663 121.195122 270.920792 120 272.09901 127 279 127 278.831683 127 279"></polygon></g></g></svg>Politik zur Entwicklung der Kompetenzen</a><h3>Politik zur Entwicklung der Kompetenzen</h3>                <a href="https://avalems.ch/de/in-einem-pflegeheim-arbeiten/entwicklung-von-faehigkeiten/">Politik zur Entwicklung der Kompetenzen</a>
                <a href="https://avalems.ch/de/in-einem-pflegeheim-arbeiten/entwicklung-von-faehigkeiten/kompetenzreferenzen/">Kompetenzrahmen</a><a class="active" href="https://avalems.ch/de/in-einem-pflegeheim-arbeiten/entwicklung-von-faehigkeiten/referenzdokumente-und-leitfaeden/">Referenzdokumente und Leitfäden</a><a href="https://avalems.ch/de/in-einem-pflegeheim-arbeiten/entwicklung-von-faehigkeiten/fortlaufende-schulungen/">Weiterbildungen in der Langzeitpflege</a><a href="https://avalems.ch/de/in-einem-pflegeheim-arbeiten/entwicklung-von-faehigkeiten/finanzielle-unterstuetzung-fuer-die-ausbildung/">Finanzielle Unterstützung für die Ausbildung</a></div>
</div>



<div class="wp-block-column is-layout-flow wp-block-column-is-layout-flow">
<h1 class="wp-block-heading">Referenzdokumente und Leitfäden</h1>



<p>In diesem Abschnitt werden die wesentlichen Ressourcen für die Umsetzung der <strong>Politik zur Entwicklung von Kompetenzen </strong>in der Langzeitpflege vorgestellt. Diese Politik definiert die Ziele, Grundsätze und Rollen der beteiligten Parteien und fördert gleichzeitig eine strukturierte Steuerung der Kompetenzen.</p>



<p>Die Dokumente enthalten eine Beschreibung der kombinierten Modalitäten der Kompetenzentwicklung, wie z. B. Weiterbildung und Mentoring, sowie einen Leitfaden für die Verwendung der Kompetenzrahmen und die Validierungskriterien. Diese Instrumente unterstützen die Steuerung von Kompetenzen in APH und SMZ.</p>



<p class="link-block travailler file"><a href="https://avalems.ch/wp-content/uploads/2023/10/Politik-zur-Entwicklung-der-Kompetenzen.pdf" target="_blank" rel="noreferrer noopener">Politik zur Entwicklung der Kompetenzen</a></p>



<p class="link-block travailler file"><a href="https://avalems.ch/wp-content/uploads/2025/05/Modalites-utilisation-referentiels-de-competences-de.pdf" target="_blank" rel="noreferrer noopener">Modalitäten zur Verwendung von Kompetenzreferenzen</a></p>



<div style="height:13px" aria-hidden="true" class="wp-block-spacer"></div>



<div class="wp-block-group"><div class="wp-block-group__inner-container is-layout-constrained wp-block-group-is-layout-constrained">
<div class="wp-block-group"><div class="wp-block-group__inner-container is-layout-constrained wp-block-group-is-layout-constrained">
<h3 class="wp-block-heading faq-q">Mobilitäten der Kompetenzentwicklung</h3>



<div class="wp-block-group"><div class="wp-block-group__inner-container is-layout-constrained wp-block-group-is-layout-constrained">
<p class="faq-a"><a href="https://previous.avalems.ch/wp-content/uploads/2024/09/Die-Modalitaten-des-Kompetentzentwicklung-1.pdf" target="_blank" rel="noreferrer noopener">Modalitäten der Kompetenzentwicklung</a></p>



<p class="faq-a"><a href="https://patientensicherheit.ch/wp-content/uploads/2025/02/Room-of-Horrors_Pflegeheime.pdf" data-type="link" data-id="https://patientensicherheit.ch/wp-content/uploads/2025/02/Room-of-Horrors_Pflegeheime.pdf" target="_blank" rel="noopener">Interaktives Lernen im Room of Horrors Manual für Alters- und Pflegeheime</a></p>



<p class="faq-a"><a href="https://patientensicherheit.ch/wp-content/uploads/2025/10/Manual_Room-of-Horrors_Spitex.pdf" data-type="link" data-id="https://patientensicherheit.ch/wp-content/uploads/2025/10/Manual_Room-of-Horrors_Spitex.pdf" target="_blank" rel="noopener">Interaktives Lernen im Room of Horrors Manual für Spitex-Organisationen</a></p>
</div></div>
</div></div>
</div></div>



<p class="link-block travailler file"><a href="https://previous.avalems.ch/wp-content/uploads/2024/09/RDC-criteres-et-instances-de-validation-DE-1.pdf" target="_blank" rel="noreferrer noopener">Kriterien und Instanzen für die Validierung von Kompetenzreferenzen</a></p>



<p class="link-block travailler file"><a href="https://previous.avalems.ch/wp-content/uploads/2024/09/Bibliographie.pdf">Bibliographie (FR)</a></p>



<p class="link-block travailler file"><a href="https://avalems.ch/wp-content/uploads/2025/05/Cahier-des-charges-commission-strategique-PDDC-de.pdf">Pflichtenheft der strategischen Kommission Politik zur Entwicklung von Kompetenzen</a></p>



<p class="link-block travailler file"><a href="https://avalems.ch/wp-content/uploads/2025/05/Processus-pilotage-des-performances-de-1.pdf">Prozess der Leistungssteuerung</a></p>
</div>
</div>

<p>Referenzdokumente und Leitfäden In diesem Abschnitt werden die wesentlichen Ressourcen für die Umsetzung der Politik zur Entwicklung von Kompetenzen in der Langzeitpflege vorgestellt. Diese Politik definiert die Ziele, Grundsätze und [&hellip;]</p>
