{"id":28588,"date":"2025-01-22T15:26:43","date_gmt":"2025-01-22T14:26:43","guid":{"rendered":"https:\/\/www.avalems.ch\/haeufig-gestellte-fragen\/"},"modified":"2025-06-16T07:44:19","modified_gmt":"2025-06-16T05:44:19","slug":"faq","status":"publish","type":"page","link":"https:\/\/avalems.ch\/de\/leben-in-einem-pflegeheim\/faq\/","title":{"rendered":"H\u00e4ufig gestellte Fragen"},"content":{"rendered":"\n<div class=\"wp-block-columns is-layout-flex wp-container-core-columns-is-layout-9d6595d7 wp-block-columns-is-layout-flex\">\n<div class=\"wp-block-column is-layout-flow wp-block-column-is-layout-flow\" style=\"flex-basis:300px\"><div class=\"sidebar-dossier\"><a class=\"back-category\" href=\"https:\/\/avalems.ch\/de\/leben-in-einem-pflegeheim\/faq\/\"><svg width=\"18px\" height=\"15px\" viewBox=\"0 0 18 15\" version=\"1.1\" xmlns=\"http:\/\/www.w3.org\/2000\/svg\" xmlns:xlink=\"http:\/\/www.w3.org\/1999\/xlink\"><g id=\"Page-1\" stroke=\"none\" stroke-width=\"1\" fill=\"none\" fill-rule=\"evenodd\"><g id=\"10-Dossier-th\u00e9matique---resolution\" transform=\"translate(-118.000000, -263.000000)\" fill=\"#F49600\" fill-rule=\"nonzero\"><polygon id=\"Shape-Copy-32\" transform=\"translate(127.000000, 270.500000) rotate(-270.000000) translate(-127.000000, -270.500000) \" points=\"134 272.09901 132.634146 270.920792 127.682927 275.80198 127.682927 262 125.97561 262 125.97561 275.633663 121.195122 270.920792 120 272.09901 127 279 127 278.831683 127 279\"><\/polygon><\/g><\/g><\/svg>H\u00e4ufig gestellte Fragen<\/a><h3>H\u00e4ufig gestellte Fragen<\/h3>            <a class=\"active\" href=\"https:\/\/avalems.ch\/de\/leben-in-einem-pflegeheim\/faq\/\">H\u00e4ufig gestellte Fragen<\/a>\n            <a href=\"https:\/\/avalems.ch\/de\/leben-in-einem-pflegeheim\/faq\/leben-im-pflegeheim-allgemeine-organisation\/\">Leben im Pflegeheim (allgemeine Organisation)<\/a><a href=\"https:\/\/avalems.ch\/de\/leben-in-einem-pflegeheim\/faq\/allgemeines-ueber-das-ems\/\">Allgemeines \u00fcber das APH<\/a><a href=\"https:\/\/avalems.ch\/de\/leben-in-einem-pflegeheim\/faq\/leben-im-pflegeheim-pflege-und-ethische-aspekte\/\">Leben im Pflegeheim (Pflege und ethische Aspekte)<\/a><a href=\"https:\/\/avalems.ch\/de\/leben-in-einem-pflegeheim\/faq\/vorbereitung-auf-den-eintritt-in-ein-pflegeheim\/\">Vorbereitung auf den Eintritt in ein Pflegeheim<\/a><a href=\"https:\/\/avalems.ch\/de\/leben-in-einem-pflegeheim\/faq\/finanzierung-des-ems\/\">Finanzierung des APH<\/a><\/div>\n<\/div>\n\n\n\n<div class=\"wp-block-column is-layout-flow wp-block-column-is-layout-flow\">\n<h1 class=\"wp-block-heading\">H\u00e4ufig gestellte Fragen<\/h1>\n\n\n\n<p>Der Eintritt in ein Pflegeheim ist ein wichtiger Schritt, der oft mit vielen Fragen verbunden ist. Auf dieser Seite finden Sie Antworten auf die am h\u00e4ufigsten gestellten Fragen, die Ihnen helfen sollen, die Formalit\u00e4ten, das Leben im Pflegeheim und die finanziellen Aspekte besser zu verstehen. Wenn Sie die Antwort auf Ihre Frage nicht finden oder zus\u00e4tzliche Informationen w\u00fcnschen, steht Ihnen die AVALEMS zur Verf\u00fcgung, um Sie zu begleiten. Z\u00f6gern Sie nicht <a href=\"https:\/\/www.avalems.ch\/de\/verein\/kontakt\/\">, uns zu kontaktieren<\/a>.<\/p>\n\n\n\n<div class=\"_df_book df-lite\" id=\"df_32887\"  _slug=\"alters-und-pfeegeheime-die-haufigsten-fragen\" data-title=\"aph-die-haeufigsten-fragen-2025\" wpoptions=\"true\" thumbtype=\"\" ><\/div><script class=\"df-shortcode-script\" nowprocket type=\"application\/javascript\">window.option_df_32887 = {\"outline\":[],\"autoEnableOutline\":\"false\",\"autoEnableThumbnail\":\"false\",\"overwritePDFOutline\":\"false\",\"direction\":\"1\",\"pageSize\":\"0\",\"source\":\"https:\\\/\\\/avalems.ch\\\/wp-content\\\/uploads\\\/2025\\\/06\\\/AVALEMS-brochure-faq-DE-20250613-WEB.pdf\",\"wpOptions\":\"true\"}; if(window.DFLIP && window.DFLIP.parseBooks){window.DFLIP.parseBooks();}<\/script>\n<\/div>\n<\/div>\n","protected":false},"excerpt":{"rendered":"<p>H\u00e4ufig gestellte Fragen Der Eintritt in ein Pflegeheim ist ein wichtiger Schritt, der oft mit vielen Fragen verbunden ist. Auf dieser Seite finden Sie Antworten auf die am h\u00e4ufigsten gestellten [&hellip;]<\/p>\n","protected":false},"author":152,"featured_media":0,"parent":28778,"menu_order":0,"comment_status":"closed","ping_status":"closed","template":"template-sidebar.php","meta":{"footnotes":""},"coauthors":[106],"class_list":["post-28588","page","type-page","status-publish","hentry"],"publishpress_future_action":{"enabled":false,"date":"2026-05-26 19:44:39","action":"change-status","newStatus":"draft","terms":[],"taxonomy":"translation_priority","extraData":[]},"publishpress_future_workflow_manual_trigger":{"enabledWorkflows":[]},"_links":{"self":[{"href":"https:\/\/avalems.ch\/de\/wp-json\/wp\/v2\/pages\/28588","targetHints":{"allow":["GET"]}}],"collection":[{"href":"https:\/\/avalems.ch\/de\/wp-json\/wp\/v2\/pages"}],"about":[{"href":"https:\/\/avalems.ch\/de\/wp-json\/wp\/v2\/types\/page"}],"author":[{"embeddable":true,"href":"https:\/\/avalems.ch\/de\/wp-json\/wp\/v2\/users\/152"}],"replies":[{"embeddable":true,"href":"https:\/\/avalems.ch\/de\/wp-json\/wp\/v2\/comments?post=28588"}],"version-history":[{"count":6,"href":"https:\/\/avalems.ch\/de\/wp-json\/wp\/v2\/pages\/28588\/revisions"}],"predecessor-version":[{"id":32893,"href":"https:\/\/avalems.ch\/de\/wp-json\/wp\/v2\/pages\/28588\/revisions\/32893"}],"up":[{"embeddable":true,"href":"https:\/\/avalems.ch\/de\/wp-json\/wp\/v2\/pages\/28778"}],"wp:attachment":[{"href":"https:\/\/avalems.ch\/de\/wp-json\/wp\/v2\/media?parent=28588"}],"wp:term":[{"taxonomy":"author","embeddable":true,"href":"https:\/\/avalems.ch\/de\/wp-json\/wp\/v2\/coauthors?post=28588"}],"curies":[{"name":"wp","href":"https:\/\/api.w.org\/{rel}","templated":true}]}}

Häufig gestellte Fragen

<div class="wp-block-columns is-layout-flex wp-container-core-columns-is-layout-9d6595d7 wp-block-columns-is-layout-flex">
<div class="wp-block-column is-layout-flow wp-block-column-is-layout-flow" style="flex-basis:300px"><div class="sidebar-dossier"><a class="back-category" href="https://avalems.ch/de/leben-in-einem-pflegeheim/faq/"><svg width="18px" height="15px" viewBox="0 0 18 15" version="1.1" xmlns="http://www.w3.org/2000/svg" xmlns:xlink="http://www.w3.org/1999/xlink"><g id="Page-1" stroke="none" stroke-width="1" fill="none" fill-rule="evenodd"><g id="10-Dossier-thématique---resolution" transform="translate(-118.000000, -263.000000)" fill="#F49600" fill-rule="nonzero"><polygon id="Shape-Copy-32" transform="translate(127.000000, 270.500000) rotate(-270.000000) translate(-127.000000, -270.500000) " points="134 272.09901 132.634146 270.920792 127.682927 275.80198 127.682927 262 125.97561 262 125.97561 275.633663 121.195122 270.920792 120 272.09901 127 279 127 278.831683 127 279"></polygon></g></g></svg>Häufig gestellte Fragen</a><h3>Häufig gestellte Fragen</h3>            <a class="active" href="https://avalems.ch/de/leben-in-einem-pflegeheim/faq/">Häufig gestellte Fragen</a>
            <a href="https://avalems.ch/de/leben-in-einem-pflegeheim/faq/leben-im-pflegeheim-allgemeine-organisation/">Leben im Pflegeheim (allgemeine Organisation)</a><a href="https://avalems.ch/de/leben-in-einem-pflegeheim/faq/allgemeines-ueber-das-ems/">Allgemeines über das APH</a><a href="https://avalems.ch/de/leben-in-einem-pflegeheim/faq/leben-im-pflegeheim-pflege-und-ethische-aspekte/">Leben im Pflegeheim (Pflege und ethische Aspekte)</a><a href="https://avalems.ch/de/leben-in-einem-pflegeheim/faq/vorbereitung-auf-den-eintritt-in-ein-pflegeheim/">Vorbereitung auf den Eintritt in ein Pflegeheim</a><a href="https://avalems.ch/de/leben-in-einem-pflegeheim/faq/finanzierung-des-ems/">Finanzierung des APH</a></div>
</div>



<div class="wp-block-column is-layout-flow wp-block-column-is-layout-flow">
<h1 class="wp-block-heading">Häufig gestellte Fragen</h1>



<p>Der Eintritt in ein Pflegeheim ist ein wichtiger Schritt, der oft mit vielen Fragen verbunden ist. Auf dieser Seite finden Sie Antworten auf die am häufigsten gestellten Fragen, die Ihnen helfen sollen, die Formalitäten, das Leben im Pflegeheim und die finanziellen Aspekte besser zu verstehen. Wenn Sie die Antwort auf Ihre Frage nicht finden oder zusätzliche Informationen wünschen, steht Ihnen die AVALEMS zur Verfügung, um Sie zu begleiten. Zögern Sie nicht <a href="https://www.avalems.ch/de/verein/kontakt/">, uns zu kontaktieren</a>.</p>



<div class="_df_book df-lite" id="df_32887"  _slug="alters-und-pfeegeheime-die-haufigsten-fragen" data-title="aph-die-haeufigsten-fragen-2025" wpoptions="true" thumbtype="" ></div><script class="df-shortcode-script" nowprocket type="application/javascript">window.option_df_32887 = {"outline":[],"autoEnableOutline":"false","autoEnableThumbnail":"false","overwritePDFOutline":"false","direction":"1","pageSize":"0","source":"https:\/\/avalems.ch\/wp-content\/uploads\/2025\/06\/AVALEMS-brochure-faq-DE-20250613-WEB.pdf","wpOptions":"true"}; if(window.DFLIP && window.DFLIP.parseBooks){window.DFLIP.parseBooks();}</script>
</div>
</div>

<p>Häufig gestellte Fragen Der Eintritt in ein Pflegeheim ist ein wichtiger Schritt, der oft mit vielen Fragen verbunden ist. Auf dieser Seite finden Sie Antworten auf die am häufigsten gestellten [&hellip;]</p>
